{"id":1979,"date":"2012-07-30T15:16:59","date_gmt":"2012-07-30T18:16:59","guid":{"rendered":"http:\/\/hr-pros.ca\/?page_id=1979"},"modified":"2012-08-13T15:08:09","modified_gmt":"2012-08-13T18:08:09","slug":"how-do-i-fire-an-employee","status":"publish","type":"page","link":"https:\/\/hr-pros.ca\/fr\/home\/questions-for-human-resources-consultant\/how-do-i-fire-an-employee\/","title":{"rendered":"Comment cong\u00e9dier un employ\u00e9?"},"content":{"rendered":"<p><strong>L\u2019un de mes employ\u00e9s ne fait pas un bon travail. Est-ce que je peux le licencier? Comment est-ce que je m\u2019y prends?<\/strong><\/p>\n<p>De nos jours, il n\u2019est pas facile de trouver des employ\u00e9s talentueux et d\u00e9vou\u00e9s dans la population active! Tout d\u00e9pend de la situation et du co\u00fbt de l\u2019embauche et de la formation d\u2019un nouvel employ\u00e9, mais il faudrait que le licenciement soit le dernier recours. Toutes les entreprises devraient avoir une politique de discipline progressive. Avec une telle politique, le but n\u2019est pas de licencier l\u2019employ\u00e9, mais de l\u2019aider \u00e0 s\u2019am\u00e9liorer. Ce n\u2019est que dans les cas o\u00f9 l\u2019on s\u2019est concert\u00e9 pour encadrer l\u2019employ\u00e9, en constituant un dossier appropri\u00e9, et que le travail de l\u2019employ\u00e9 ne s\u2019am\u00e9liore pas ou que l\u2019am\u00e9lioration ne dure pas que l\u2019employeur peut envisager de licencier l\u2019employ\u00e9.<\/p>","protected":false},"excerpt":{"rendered":"<p>L\u2019un de mes employ\u00e9s ne fait pas un bon travail. Est-ce que je peux le licencier? Comment est-ce que je m\u2019y prends? De nos jours, il n\u2019est pas facile de trouver des employ\u00e9s talentueux et d\u00e9vou\u00e9s dans la population active! Tout d\u00e9pend de la situation et du co\u00fbt de l\u2019embauche et de la formation d\u2019un [&hellip;]<\/p>\n","protected":false},"author":2,"featured_media":0,"parent":1293,"menu_order":9,"comment_status":"open","ping_status":"closed","template":"","meta":{"footnotes":""},"class_list":["post-1979","page","type-page","status-publish","hentry"],"aioseo_notices":[],"_links":{"self":[{"href":"https:\/\/hr-pros.ca\/fr\/wp-json\/wp\/v2\/pages\/1979","targetHints":{"allow":["GET"]}}],"collection":[{"href":"https:\/\/hr-pros.ca\/fr\/wp-json\/wp\/v2\/pages"}],"about":[{"href":"https:\/\/hr-pros.ca\/fr\/wp-json\/wp\/v2\/types\/page"}],"author":[{"embeddable":true,"href":"https:\/\/hr-pros.ca\/fr\/wp-json\/wp\/v2\/users\/2"}],"replies":[{"embeddable":true,"href":"https:\/\/hr-pros.ca\/fr\/wp-json\/wp\/v2\/comments?post=1979"}],"version-history":[{"count":12,"href":"https:\/\/hr-pros.ca\/fr\/wp-json\/wp\/v2\/pages\/1979\/revisions"}],"predecessor-version":[{"id":2520,"href":"https:\/\/hr-pros.ca\/fr\/wp-json\/wp\/v2\/pages\/1979\/revisions\/2520"}],"up":[{"embeddable":true,"href":"https:\/\/hr-pros.ca\/fr\/wp-json\/wp\/v2\/pages\/1293"}],"wp:attachment":[{"href":"https:\/\/hr-pros.ca\/fr\/wp-json\/wp\/v2\/media?parent=1979"}],"curies":[{"name":"wp","href":"https:\/\/api.w.org\/{rel}","templated":true}]}}

Comment congédier un employé?

<p><strong>L’un de mes employés ne fait pas un bon travail. Est-ce que je peux le licencier? Comment est-ce que je m’y prends?</strong></p>
<p>De nos jours, il n’est pas facile de trouver des employés talentueux et dévoués dans la population active! Tout dépend de la situation et du coût de l’embauche et de la formation d’un nouvel employé, mais il faudrait que le licenciement soit le dernier recours. Toutes les entreprises devraient avoir une politique de discipline progressive. Avec une telle politique, le but n’est pas de licencier l’employé, mais de l’aider à s’améliorer. Ce n’est que dans les cas où l’on s’est concerté pour encadrer l’employé, en constituant un dossier approprié, et que le travail de l’employé ne s’améliore pas ou que l’amélioration ne dure pas que l’employeur peut envisager de licencier l’employé.</p>

<p>L’un de mes employés ne fait pas un bon travail. Est-ce que je peux le licencier? Comment est-ce que je m’y prends? De nos jours, il n’est pas facile de trouver des employés talentueux et dévoués dans la population active! Tout dépend de la situation et du coût de l’embauche et de la formation d’un [&hellip;]</p>
